nder when 970 is divided by 236?
26
Calculate the remainder when 372018 is divided by 23.
16
What is the remainder when 970 is divided by 139?
136
Calculate the remainder when 41112 is divided by 1417.
19
Calculate the remainder when 89403 is divided by 3192.
27
Calculate the remainder when 234769 is divided by 83.
45
What is the remainder when 290 is divided by 93?
11
Calculate the remainder when 1839 is divided by 1806.
33
Calculate the remainder when 11455 is divided by 424.
7
What is the remainder when 704 is divided by 203?
95
Calculate the remainder when 3501099 is divided by 25.
24
What is the remainder when 337541 is divided by 84383?
9
What is the remainder when 304008 is divided by 6204?
12
Calculate the remainder when 293271 is divided by 8146.
15
What is the remainder when 334490 is divided by 924?
2
Calculate the remainder when 29548 is divided by 27.
10
Calculate the remainder when 49997 is divided by 16663.
8
Calculate the remainder when 34924 is divided by 17447.
30
What is the remainder when 892 is divided by 22?
12
What is the remainder when 31891 is divided by 3542?
13
What is the remainder when 32510 is divided by 32?
30
What is the remainder when 26848 is divided by 179?
177
What is the remainder when 49237 is divided by 524?
505
What is the remainder when 7651 is divided by 98?
7
What is the remainder when 9346 is divided by 4673?
0
What is the remainder when 738 is divided by 119?
24
What is the remainder when 72264 is divided by 55?
49
Calculate the remainder when 3443 is divided by 443.
342
What is the remainder when 213617 is divided by 12560?
97
What is the remainder when 8250 is divided by 96?
90
What is the remainder when 5954 is divided by 66?
14
What is the remainder when 151209 is divided by 1609?
1572
Calculate the remainder when 3524 is divided by 690.
74
What is the remainder when 80006 is divided by 56?
38
Calculate the remainder when 32726 is divided by 643.
576
What is the remainder when 6454 is divided by 1960?
574
What is the remainder when 76923 is divided by 15373?
58
What is the remainder when 791594 is divided by 359?
358
Calculate the remainder when 69161 is divided by 477.
473
What is the remainder when 4921 is divided by 27?
7
Calculate the remainder when 97593 is divided by 16262.
21
Calculate the remainder when 384 is divided by 74.
14
What is the remainder when 1340962 is divided by 772?
770
What is the remainder when 154889 is divided by 8?
1
What is the remainder when 17747 is divided by 17732?
15
What is the remainder when 7838 is divided by 90?
8
Calculate the remainder when 13056 is divided by 353.
348
Calculate the remainder when 1555 is divided by 24.
19
Calculate the remainder when 2082 is divided by 45.
12
What is the remainder when 16855 is divided by 348?
151
What is the remainder when 1309 is divided by 356?
241
Calculate the remainder when 10397 is divided by 2995.
1412
Calculate the remainder when 3313 is divided by 1141.
1031
Calculate the remainder when 8664 is divided by 786.
18
What is the remainder when 321 is divided by 162?
159
What is the remainder when 22049 is divided by 12?
5
What is the remainder when 59169 is divided by 11809?
124
What is the remainder when 1283 is divided by 415?
38
Calculate the remainder when 47484 is divided by 169.
164
Calculate the remainder when 18807 is divided by 3111.
141
What is the remainder when 476 is divided by 133?
77
What is the remainder when 31823 is divided by 234?
233
Calculate the remainder when 25995 is divided by 194.
193
What is the remainder when 2425 is divided by 2408?
17
What is the remainder when 5394 is divided by 102?
90
What is the remainder when 100499 is divided by 804?
803
Calculate the remainder when 4740 is divided by 2199.
342
Calculate the remainder when 25482 is divided by 335.
22
What is the remainder when 3960 is divided by 178?
44
What is the remainder when 175193 is divided by 87584?
25
Calculate the remainder when 1768 is divided by 188.
76
What is the remainder when 8121 is divided by 477?
12
Calculate the remainder when 4902 is divided by 51.
6
Calculate the remainder when 5263 is divided by 2499.
265
What is the remainder when 6418 is divided by 752?
402
Calculate the remainder when 382 is divided by 113.
43
What is the remainder when 82532 is divided by 6873?
56
What is the remainder when 3977 is divided by 271?
183
What is the remainder when 2184614 is divided by 19?
13
What is the remainder when 141430 is divided by 19?
13
What is the remainder when 333 is divided by 166?
1
Calculate the remainder when 34668 is divided by 17329.
10
Calculate the remainder when 1027309 is divided by 301.
297
Calculate the remainder when 851718 is divided by 34.
18
Calculate the remainder when 87983 is divided by 1374.
47
What is the remainder when 462845 is divided by 190?
5
Calculate the remainder when 22606 is divided by 11302.
2
What is the remainder when 896659 is divided by 298881?
16
Calculate the remainder when 61134 is divided by 61091.
43
Calculate the remainder when 2998 is divided by 300.
298
What is the remainder when 5127 is divided by 19?
16
Calculate the remainder when 1194 is divided by 94.
66
What is the remainder when 53624 is divided by 139?
109
What is the remainder when 202704 is divided by 233?
227
Calculate the remainder when 1007 is divided by 202.
199
What is the remainder when 1053 is divided by 789?
264
What is the remainder when 2000 is divided by 76?
24
What is the remainder when 833187 is divided by 722?
721
Calculate the remainder when 51559 is divided by 127.
124
What is the remainder when 2120 is divided by 63?
41
Calculate the remainder when 247995 is divided by 332.
323
Calculate the remainder when 227281 is divided by 16233.
19
Calculate the remainder when 31192 is divided by 62.
6
What is the remainder when 100209 is divided by 69?
21
Calculate the remainder when 518 is divided by 380.
138
What is the remainder when 16111 is divided by 4011?
67
Calculate the remainder when 1244 is divided by 306.
20
Calculate the remainder when 9818 is divided by 2552.
2162
What is the remainder when 186873 is divided by 575?
573
Calculate the remainder when 65274 is divided by 98.
6
What is the remainder when 4574 is divided by 1247?
833
What is the remainder when 3117878 is divided by 115?
113
What is the remainder when 62967 is divided by 7866?
39
What is the remainder when 3718532 is divided by 91?
90
What is the remainder when 9269 is divided by 112?
85
Calculate the remainder when 50994 is divided by 773.
749
What is the remainder when 20848 is divided by 33?
25
What is the remainder when 10028 is divided by 209?
205
Calculate the remainder when 401 is divided by 131.
8
What is the remainder when 403 is divided by 66?
7
What is the remainder when 16386 is divided by 39?
6
What is the remainder when 28263 is divided by 479?
2
What is the remainder when 59341 is divided by 288?
13
What is the remainder when 20209 is divided by 10103?
3
What is the remainder when 3026 is divided by 72?
2
What is the remainder when 7968 is divided by 58?
22
What is the remainder when 12761 is divided by 66?
23
What is the remainder when 29072 is divided by 445?
147
What is the remainder when 3061 is divided by 441?
415
What is the remainder when 13894 is divided by 980?
174
Calculate the remainder when 30426 is divided by 2535.
6
Calculate the remainder when 53713 is divided by 942.
19
Calculate the remainder when 171682 is divided by 11444.
22
What is the remainder when 33697 is divided by 141?
139
What is the remainder when 1065 is divided by 701?
364
What is the remainder when 83873 is divided by 13?
10
What is the remainder when 13780 is divided by 3437?
32
Calculate the remainder when 9072 is divided by 22.
8
What is the remainder when 1251 is divided by 978?
273
Calculate the remainder when 13344 is divided by 3300.
144
Calculate the remainder when 3319301 is divided by 1106431.
8
Calculate the remainder when 383 is divided by 338.
45
Calculate the remainder when 5555 is divided by 33.
11
Calculate the remainder when 123288 is divided by 5.
3
Calculate the remainder when 15853 is divided by 1002.
823
Calculate the remainder when 3837 is divided by 61.
55
Calculate the remainder when 3420 is divided by 